{"id":9982,"date":"2025-10-28T12:43:05","date_gmt":"2025-10-28T11:43:05","guid":{"rendered":"https:\/\/www.framex.pl\/kontakt-2\/"},"modified":"2026-04-29T12:34:30","modified_gmt":"2026-04-29T10:34:30","slug":"kontakt","status":"publish","type":"page","link":"https:\/\/www.framex.pl\/de\/kontakt\/","title":{"rendered":"Kontakt"},"content":{"rendered":"","protected":false},"excerpt":{"rendered":"","protected":false},"author":3,"featured_media":0,"parent":0,"menu_order":0,"comment_status":"closed","ping_status":"closed","template":"page-from-blocks.php","meta":{"_acf_changed":false,"inline_featured_image":false,"footnotes":""},"acf":[],"yoast_head":"<!-- This site is optimized with the Yoast SEO plugin v23.0 - https:\/\/yoast.com\/wordpress\/plugins\/seo\/ -->\n<title>Kontakt &#171; Framex<\/title>\n<meta name=\"description\" content=\"Wir produzieren und montieren PVC-Fenster und T\u00fcren seit 35 Jahren. Unser Sortiment bietet erstklassige Fenster und T\u00fcren sowie L\u00f6sungen f\u00fcr jedes Budget. \u00dcberzeugen Sie sich von unserem Angebot!\" \/>\n<meta name=\"robots\" content=\"index, follow, max-snippet:-1, max-image-preview:large, max-video-preview:-1\" \/>\n<link rel=\"canonical\" href=\"https:\/\/www.framex.pl\/de\/kontakt\/\" \/>\n<meta property=\"og:locale\" content=\"de_DE\" \/>\n<meta property=\"og:type\" content=\"article\" \/>\n<meta property=\"og:title\" content=\"Kontakt &#171; Framex\" \/>\n<meta property=\"og:description\" content=\"Wir produzieren und montieren PVC-Fenster und T\u00fcren seit 35 Jahren. Unser Sortiment bietet erstklassige Fenster und T\u00fcren sowie L\u00f6sungen f\u00fcr jedes Budget. \u00dcberzeugen Sie sich von unserem Angebot!\" \/>\n<meta property=\"og:url\" content=\"https:\/\/www.framex.pl\/de\/kontakt\/\" \/>\n<meta property=\"og:site_name\" content=\"Framex\" \/>\n<meta property=\"article:modified_time\" content=\"2026-04-29T10:34:30+00:00\" \/>\n<meta property=\"og:image\" content=\"https:\/\/www.framex.pl\/wp-content\/uploads\/2026\/01\/Framex-2026-FB-Cover.png\" \/>\n\t<meta property=\"og:image:width\" content=\"1640\" \/>\n\t<meta property=\"og:image:height\" content=\"720\" \/>\n\t<meta property=\"og:image:type\" content=\"image\/png\" \/>\n<meta name=\"twitter:card\" content=\"summary_large_image\" \/>\n<script type=\"application\/ld+json\" class=\"yoast-schema-graph\">{\"@context\":\"https:\/\/schema.org\",\"@graph\":[{\"@type\":\"WebPage\",\"@id\":\"https:\/\/www.framex.pl\/de\/kontakt\/\",\"url\":\"https:\/\/www.framex.pl\/de\/kontakt\/\",\"name\":\"Kontakt &#171; Framex\",\"isPartOf\":{\"@id\":\"https:\/\/www.framex.pl\/#website\"},\"datePublished\":\"2025-10-28T11:43:05+00:00\",\"dateModified\":\"2026-04-29T10:34:30+00:00\",\"description\":\"Wir produzieren und montieren PVC-Fenster und T\u00fcren seit 35 Jahren. Unser Sortiment bietet erstklassige Fenster und T\u00fcren sowie L\u00f6sungen f\u00fcr jedes Budget. \u00dcberzeugen Sie sich von unserem Angebot!\",\"breadcrumb\":{\"@id\":\"https:\/\/www.framex.pl\/de\/kontakt\/#breadcrumb\"},\"inLanguage\":\"de-DE\",\"potentialAction\":[{\"@type\":\"ReadAction\",\"target\":[\"https:\/\/www.framex.pl\/de\/kontakt\/\"]}]},{\"@type\":\"BreadcrumbList\",\"@id\":\"https:\/\/www.framex.pl\/de\/kontakt\/#breadcrumb\",\"itemListElement\":[{\"@type\":\"ListItem\",\"position\":1,\"name\":\"Strona G\u0142\u00f3wna\",\"item\":\"https:\/\/www.framex.pl\/de\/\"},{\"@type\":\"ListItem\",\"position\":2,\"name\":\"Kontakt\"}]},{\"@type\":\"WebSite\",\"@id\":\"https:\/\/www.framex.pl\/#website\",\"url\":\"https:\/\/www.framex.pl\/\",\"name\":\"Framex\",\"description\":\"Okna i Drzwi z PCV oraz Aluminium prosto od Producenta - bez po\u015brednik\u00f3w! Zajmujemy si\u0119 produkcj\u0105 i monta\u017cem okien od 26 lat. Jeste\u015bmy liderem w woj. zachodniopomorskim.  W ofercie znajdziesz wysokiej klasy okna PCV PCW z fachow\u0105 us\u0142ug\u0105 monta\u017cu. Sprawd\u017a nasz\u0105 ofert\u0119. Salony sprzeda\u017cy w Szczecinie, Stargardzie i Morzyczynie. Przyjd\u017a i sprawd\u017a.\",\"publisher\":{\"@id\":\"https:\/\/www.framex.pl\/#organization\"},\"inLanguage\":\"de-DE\"},{\"@type\":\"Organization\",\"@id\":\"https:\/\/www.framex.pl\/#organization\",\"name\":\"Framex Producent Okien\",\"url\":\"https:\/\/www.framex.pl\/\",\"logo\":{\"@type\":\"ImageObject\",\"inLanguage\":\"de-DE\",\"@id\":\"https:\/\/www.framex.pl\/#\/schema\/logo\/image\/\",\"url\":\"https:\/\/www.framex.pl\/wp-content\/uploads\/2026\/01\/Framex-2026-FB-logo-v3.png\",\"contentUrl\":\"https:\/\/www.framex.pl\/wp-content\/uploads\/2026\/01\/Framex-2026-FB-logo-v3.png\",\"width\":1080,\"height\":1080,\"caption\":\"Framex Producent Okien\"},\"image\":{\"@id\":\"https:\/\/www.framex.pl\/#\/schema\/logo\/image\/\"}}]}<\/script>\n<!-- \/ Yoast SEO plugin. -->","yoast_head_json":{"title":"Kontakt &#171; Framex","description":"Wir produzieren und montieren PVC-Fenster und T\u00fcren seit 35 Jahren. Unser Sortiment bietet erstklassige Fenster und T\u00fcren sowie L\u00f6sungen f\u00fcr jedes Budget. \u00dcberzeugen Sie sich von unserem Angebot!","robots":{"index":"index","follow":"follow","max-snippet":"max-snippet:-1","max-image-preview":"max-image-preview:large","max-video-preview":"max-video-preview:-1"},"canonical":"https:\/\/www.framex.pl\/de\/kontakt\/","og_locale":"de_DE","og_type":"article","og_title":"Kontakt &#171; Framex","og_description":"Wir produzieren und montieren PVC-Fenster und T\u00fcren seit 35 Jahren. Unser Sortiment bietet erstklassige Fenster und T\u00fcren sowie L\u00f6sungen f\u00fcr jedes Budget. \u00dcberzeugen Sie sich von unserem Angebot!","og_url":"https:\/\/www.framex.pl\/de\/kontakt\/","og_site_name":"Framex","article_modified_time":"2026-04-29T10:34:30+00:00","og_image":[{"width":1640,"height":720,"url":"https:\/\/www.framex.pl\/wp-content\/uploads\/2026\/01\/Framex-2026-FB-Cover.png","type":"image\/png"}],"twitter_card":"summary_large_image","schema":{"@context":"https:\/\/schema.org","@graph":[{"@type":"WebPage","@id":"https:\/\/www.framex.pl\/de\/kontakt\/","url":"https:\/\/www.framex.pl\/de\/kontakt\/","name":"Kontakt &#171; Framex","isPartOf":{"@id":"https:\/\/www.framex.pl\/#website"},"datePublished":"2025-10-28T11:43:05+00:00","dateModified":"2026-04-29T10:34:30+00:00","description":"Wir produzieren und montieren PVC-Fenster und T\u00fcren seit 35 Jahren. Unser Sortiment bietet erstklassige Fenster und T\u00fcren sowie L\u00f6sungen f\u00fcr jedes Budget. \u00dcberzeugen Sie sich von unserem Angebot!","breadcrumb":{"@id":"https:\/\/www.framex.pl\/de\/kontakt\/#breadcrumb"},"inLanguage":"de-DE","potentialAction":[{"@type":"ReadAction","target":["https:\/\/www.framex.pl\/de\/kontakt\/"]}]},{"@type":"BreadcrumbList","@id":"https:\/\/www.framex.pl\/de\/kontakt\/#breadcrumb","itemListElement":[{"@type":"ListItem","position":1,"name":"Strona G\u0142\u00f3wna","item":"https:\/\/www.framex.pl\/de\/"},{"@type":"ListItem","position":2,"name":"Kontakt"}]},{"@type":"WebSite","@id":"https:\/\/www.framex.pl\/#website","url":"https:\/\/www.framex.pl\/","name":"Framex","description":"Okna i Drzwi z PCV oraz Aluminium prosto od Producenta - bez po\u015brednik\u00f3w! Zajmujemy si\u0119 produkcj\u0105 i monta\u017cem okien od 26 lat. Jeste\u015bmy liderem w woj. zachodniopomorskim.  W ofercie znajdziesz wysokiej klasy okna PCV PCW z fachow\u0105 us\u0142ug\u0105 monta\u017cu. Sprawd\u017a nasz\u0105 ofert\u0119. Salony sprzeda\u017cy w Szczecinie, Stargardzie i Morzyczynie. Przyjd\u017a i sprawd\u017a.","publisher":{"@id":"https:\/\/www.framex.pl\/#organization"},"inLanguage":"de-DE"},{"@type":"Organization","@id":"https:\/\/www.framex.pl\/#organization","name":"Framex Producent Okien","url":"https:\/\/www.framex.pl\/","logo":{"@type":"ImageObject","inLanguage":"de-DE","@id":"https:\/\/www.framex.pl\/#\/schema\/logo\/image\/","url":"https:\/\/www.framex.pl\/wp-content\/uploads\/2026\/01\/Framex-2026-FB-logo-v3.png","contentUrl":"https:\/\/www.framex.pl\/wp-content\/uploads\/2026\/01\/Framex-2026-FB-logo-v3.png","width":1080,"height":1080,"caption":"Framex Producent Okien"},"image":{"@id":"https:\/\/www.framex.pl\/#\/schema\/logo\/image\/"}}]}},"_links":{"self":[{"href":"https:\/\/www.framex.pl\/de\/wp-json\/wp\/v2\/pages\/9982"}],"collection":[{"href":"https:\/\/www.framex.pl\/de\/wp-json\/wp\/v2\/pages"}],"about":[{"href":"https:\/\/www.framex.pl\/de\/wp-json\/wp\/v2\/types\/page"}],"author":[{"embeddable":true,"href":"https:\/\/www.framex.pl\/de\/wp-json\/wp\/v2\/users\/3"}],"replies":[{"embeddable":true,"href":"https:\/\/www.framex.pl\/de\/wp-json\/wp\/v2\/comments?post=9982"}],"version-history":[{"count":4,"href":"https:\/\/www.framex.pl\/de\/wp-json\/wp\/v2\/pages\/9982\/revisions"}],"predecessor-version":[{"id":10004,"href":"https:\/\/www.framex.pl\/de\/wp-json\/wp\/v2\/pages\/9982\/revisions\/10004"}],"wp:attachment":[{"href":"https:\/\/www.framex.pl\/de\/wp-json\/wp\/v2\/media?parent=9982"}],"curies":[{"name":"wp","href":"https:\/\/api.w.org\/{rel}","templated":true}]}}

<!-- This site is optimized with the Yoast SEO plugin v23.0 - https://yoast.com/wordpress/plugins/seo/ -->
<title>Kontakt &#171; Framex</title>
<meta name="description" content="Wir produzieren und montieren PVC-Fenster und Türen seit 35 Jahren. Unser Sortiment bietet erstklassige Fenster und Türen sowie Lösungen für jedes Budget. Überzeugen Sie sich von unserem Angebot!" />
<meta name="robots" content="index, follow, max-snippet:-1, max-image-preview:large, max-video-preview:-1" />
<link rel="canonical" href="https://www.framex.pl/de/kontakt/" />
<meta property="og:locale" content="de_DE" />
<meta property="og:type" content="article" />
<meta property="og:title" content="Kontakt &#171; Framex" />
<meta property="og:description" content="Wir produzieren und montieren PVC-Fenster und Türen seit 35 Jahren. Unser Sortiment bietet erstklassige Fenster und Türen sowie Lösungen für jedes Budget. Überzeugen Sie sich von unserem Angebot!" />
<meta property="og:url" content="https://www.framex.pl/de/kontakt/" />
<meta property="og:site_name" content="Framex" />
<meta property="article:modified_time" content="2026-04-29T10:34:30+00:00" />
<meta property="og:image" content="https://www.framex.pl/wp-content/uploads/2026/01/Framex-2026-FB-Cover.png" />
	<meta property="og:image:width" content="1640" />
	<meta property="og:image:height" content="720" />
	<meta property="og:image:type" content="image/png" />
<meta name="twitter:card" content="summary_large_image" />
<script type="application/ld+json" class="yoast-schema-graph">{"@context":"https://schema.org","@graph":[{"@type":"WebPage","@id":"https://www.framex.pl/de/kontakt/","url":"https://www.framex.pl/de/kontakt/","name":"Kontakt &#171; Framex","isPartOf":{"@id":"https://www.framex.pl/#website"},"datePublished":"2025-10-28T11:43:05+00:00","dateModified":"2026-04-29T10:34:30+00:00","description":"Wir produzieren und montieren PVC-Fenster und Türen seit 35 Jahren. Unser Sortiment bietet erstklassige Fenster und Türen sowie Lösungen für jedes Budget. Überzeugen Sie sich von unserem Angebot!","breadcrumb":{"@id":"https://www.framex.pl/de/kontakt/#breadcrumb"},"inLanguage":"de-DE","potentialAction":[{"@type":"ReadAction","target":["https://www.framex.pl/de/kontakt/"]}]},{"@type":"BreadcrumbList","@id":"https://www.framex.pl/de/kontakt/#breadcrumb","itemListElement":[{"@type":"ListItem","position":1,"name":"Strona Główna","item":"https://www.framex.pl/de/"},{"@type":"ListItem","position":2,"name":"Kontakt"}]},{"@type":"WebSite","@id":"https://www.framex.pl/#website","url":"https://www.framex.pl/","name":"Framex","description":"Okna i Drzwi z PCV oraz Aluminium prosto od Producenta - bez pośredników! Zajmujemy się produkcją i montażem okien od 26 lat. Jesteśmy liderem w woj. zachodniopomorskim.  W ofercie znajdziesz wysokiej klasy okna PCV PCW z fachową usługą montażu. Sprawdź naszą ofertę. Salony sprzedaży w Szczecinie, Stargardzie i Morzyczynie. Przyjdź i sprawdź.","publisher":{"@id":"https://www.framex.pl/#organization"},"inLanguage":"de-DE"},{"@type":"Organization","@id":"https://www.framex.pl/#organization","name":"Framex Producent Okien","url":"https://www.framex.pl/","logo":{"@type":"ImageObject","inLanguage":"de-DE","@id":"https://www.framex.pl/#/schema/logo/image/","url":"https://www.framex.pl/wp-content/uploads/2026/01/Framex-2026-FB-logo-v3.png","contentUrl":"https://www.framex.pl/wp-content/uploads/2026/01/Framex-2026-FB-logo-v3.png","width":1080,"height":1080,"caption":"Framex Producent Okien"},"image":{"@id":"https://www.framex.pl/#/schema/logo/image/"}}]}</script>
<!-- / Yoast SEO plugin. -->

Wir produzieren und montieren PVC-Fenster und Türen seit 35 Jahren. Unser Sortiment bietet erstklassige Fenster und Türen sowie Lösungen für jedes Budget. Überzeugen Sie sich von unserem Angebot!

Strona Główna

Okna i Drzwi z PCV oraz Aluminium prosto od Producenta - bez pośredników! Zajmujemy się produkcją i montażem okien od 26 lat. Jesteśmy liderem w woj. zachodniopomorskim.  W ofercie znajdziesz wysokiej klasy okna PCV PCW z fachową usługą montażu. Sprawdź naszą ofertę. Salony sprzedaży w Szczecinie, Stargardzie i Morzyczynie. Przyjdź i sprawdź.
